{"id":16,"date":"2025-08-10T08:47:15","date_gmt":"2025-08-10T08:47:15","guid":{"rendered":"https:\/\/xn--mtkalejeneratr-7pb.com\/about\/"},"modified":"2025-08-27T16:01:18","modified_gmt":"2025-08-27T13:01:18","slug":"hakkinda","status":"publish","type":"page","link":"https:\/\/xn--mtkalejeneratr-7pb.com\/?page_id=16","title":{"rendered":"Hakk\u0131nda"},"content":{"rendered":"\n<div class=\"wp-block-uagb-container uagb-block-7faa6a71 alignfull uagb-is-root-container\"><div class=\"uagb-container-inner-blocks-wrap\">\n<div class=\"wp-block-uagb-advanced-heading uagb-block-1845dec4\"><h1 class=\"uagb-heading-text\">Hakk\u0131m\u0131zda<\/h1><\/div>\n<\/div><\/div>\n\n\n\n<div class=\"wp-block-uagb-container uagb-layout-grid uagb-block-30954d4a alignfull uagb-is-root-container\"><div class=\"uagb-container-inner-blocks-wrap\">\n<div class=\"wp-block-uagb-image uagb-block-2b213706 wp-block-uagb-image--layout-default wp-block-uagb-image--effect-static wp-block-uagb-image--align-none uag-hide-tab\"><figure class=\"wp-block-uagb-image__figure\"><img decoding=\"async\" srcset=\"https:\/\/xn--mtkalejeneratr-7pb.com\/wp-content\/uploads\/2022\/12\/ac-technician-woman-1.png ,https:\/\/xn--mtkalejeneratr-7pb.com\/wp-content\/uploads\/2022\/12\/ac-technician-woman-1.png 780w, https:\/\/xn--mtkalejeneratr-7pb.com\/wp-content\/uploads\/2022\/12\/ac-technician-woman-1.png 360w\" sizes=\"auto, (max-width: 480px) 150px\" src=\"https:\/\/xn--mtkalejeneratr-7pb.com\/wp-content\/uploads\/2022\/12\/ac-technician-woman-1.png\" alt=\"\" class=\"uag-image-456\" width=\"244\" height=\"536\" title=\"\" loading=\"lazy\" role=\"img\"\/><\/figure><\/div>\n\n\n\n<div class=\"wp-block-uagb-container uagb-block-79923e46\">\n<div class=\"wp-block-uagb-info-box uagb-block-48eb68b2 uagb-infobox__content-wrap  uagb-infobox-icon-above-title uagb-infobox-image-valign-top\"><div class=\"uagb-ifb-content\"><div class=\"uagb-ifb-title-wrap\"><\/div><p class=\"uagb-ifb-desc\">F\u0130RMAMIZ 2012 YILI \u0130T\u0130BAR\u0130YE SEKT\u00d6RE G\u0130R\u0130\u015e YAPTI. 2016 TAR\u0130H\u0130 \u0130T\u0130BAREN KURUMSAL MANADA \u0130\u015e\u0130M\u0130Z\u0130 VE UFKUMUZU GEN\u0130\u015eLETME KARARI ALDIK. B\u0130R SONRAK\u0130 SENE MT KALE ENERJ\u0130 LTD. \u015eT\u0130 N\u0130 KURARAK \u00c7ALI\u015eMA HAYTIMIZA DEVAM ETMEKTEY\u0130Z.<br>F\u0130RMAMIZ GENEL OLARAK B\u0130L\u0130MSEL \u00c7ALI\u015eANLARIMIZLA, KURUMSAL \u0130HALELERE G\u0130RMEY\u0130 TERC\u0130H EDEN B\u0130R \u0130\u015eLETMEY\u0130Z.<br>\u0130STANBUL ANADOLU ADALET SARAYI, MALTEPE CEZAEV\u0130, \u0130DO, MARMARA \u00dcN\u0130VERS\u0130TES\u0130, BO\u011eAZ\u0130\u00c7\u0130 \u00dcN\u0130VERS\u0130TES\u0130, MEDEN\u0130YET \u00dcN\u0130VERS\u0130TES\u0130, KARAYOLLARI, BELED\u0130YELER VE T\u00dcRK\u0130YE \u00c7APINDA OKULLARIN JENERAT\u00d6R \u0130HALELER\u0130NE G\u0130RD\u0130\u011e\u0130M\u0130Z G\u0130B\u0130 KABATA\u015e-MAHMUTBEY METRO \u0130HALES\u0130NE DE KATILDIK.<br>BUG\u00dcNDE \u00c7ALI\u015eTI\u011eIMIZ DENEY\u0130ML\u0130 EK\u0130P ARKADA\u015eLARIMIZLA BERABER \u015eATI\u015e SONRASI H\u0130ZMET\u0130N, SERV\u0130S VE ORJ\u0130NAL YEDEKPAR\u00c7ANIN \u0130\u00c7\u0130NDE H\u0130ZMETLER\u0130M\u0130ZE DEVAM ED\u0130YORUZ.<\/p><\/div><\/div>\n\n\n\n<div class=\"wp-block-uagb-advanced-heading uagb-block-a0caedfc\"><\/div>\n<\/div>\n<\/div><\/div>\n\n\n\n<div class=\"wp-block-uagb-image uagb-block-c63488dd wp-block-uagb-image--layout-default wp-block-uagb-image--effect-static wp-block-uagb-image--align-none\"><figure class=\"wp-block-uagb-image__figure\"><img decoding=\"async\" srcset=\"https:\/\/xn--mtkalejeneratr-7pb.com\/wp-content\/uploads\/2025\/08\/WhatsApp-Gorsel-2025-07-17-saat-22.59.23_f3c22a26-1024x576.jpg ,https:\/\/xn--mtkalejeneratr-7pb.com\/wp-content\/uploads\/2025\/08\/WhatsApp-Gorsel-2025-07-17-saat-22.59.23_f3c22a26.jpg 780w, https:\/\/xn--mtkalejeneratr-7pb.com\/wp-content\/uploads\/2025\/08\/WhatsApp-Gorsel-2025-07-17-saat-22.59.23_f3c22a26.jpg 360w\" sizes=\"auto, (max-width: 480px) 150px\" src=\"https:\/\/xn--mtkalejeneratr-7pb.com\/wp-content\/uploads\/2025\/08\/WhatsApp-Gorsel-2025-07-17-saat-22.59.23_f3c22a26-1024x576.jpg\" alt=\"\" class=\"uag-image-1028\" width=\"1600\" height=\"900\" title=\"WhatsApp G\u00f6rsel 2025-07-17 saat 22.59.23_f3c22a26\" loading=\"lazy\" role=\"img\"\/><\/figure><\/div>\n\n\n\n<div class=\"wp-block-uagb-container uagb-layout-grid uagb-block-b763a087 alignfull uagb-is-root-container\"><div class=\"uagb-container-inner-blocks-wrap\">\n<div class=\"wp-block-uagb-info-box uagb-block-ab0e6f88 uagb-infobox__content-wrap  uagb-infobox-icon-left uagb-infobox-left uagb-infobox-stacked-mobile uagb-infobox-image-valign-top wp-block-uagb-info-box--has-margin\"><div class=\"uagb-infobox-margin-wrapper\"><div class=\"uagb-ifb-icon-wrap\"><svg xmlns=\"https:\/\/www.w3.org\/2000\/svg\" viewBox=\"0 0 512 512\"><path d=\"M0 256C0 114.6 114.6 0 256 0C397.4 0 512 114.6 512 256C512 397.4 397.4 512 256 512C114.6 512 0 397.4 0 256zM256 352C309 352 352 309 352 256C352 202.1 309 160 256 160C202.1 160 160 202.1 160 256C160 309 202.1 352 256 352z\"><\/path><\/svg><\/div><div class=\"uagb-ifb-content\"><div class=\"uagb-ifb-title-wrap\"><h4 class=\"uagb-ifb-title\"><font dir=\"auto\" style=\"vertical-align: inherit;\"><font dir=\"auto\" style=\"vertical-align: inherit;\">D\u0130ZEL JENERAT\u00d6RLER<\/font><\/font><\/h4><\/div><\/div><\/div><\/div>\n\n\n\n<div class=\"wp-block-uagb-info-box uagb-block-59a54bed uagb-infobox__content-wrap  uagb-infobox-icon-left uagb-infobox-left uagb-infobox-stacked-mobile uagb-infobox-image-valign-top wp-block-uagb-info-box--has-margin\"><div class=\"uagb-infobox-margin-wrapper\"><div class=\"uagb-ifb-icon-wrap\"><svg xmlns=\"https:\/\/www.w3.org\/2000\/svg\" viewBox=\"0 0 512 512\"><path d=\"M0 256C0 114.6 114.6 0 256 0C397.4 0 512 114.6 512 256C512 397.4 397.4 512 256 512C114.6 512 0 397.4 0 256zM256 352C309 352 352 309 352 256C352 202.1 309 160 256 160C202.1 160 160 202.1 160 256C160 309 202.1 352 256 352z\"><\/path><\/svg><\/div><div class=\"uagb-ifb-content\"><div class=\"uagb-ifb-title-wrap\"><h4 class=\"uagb-ifb-title\">PORTAT\u0130F JENERAT\u00d6RLER<\/h4><\/div><\/div><\/div><\/div>\n\n\n\n<div class=\"wp-block-uagb-info-box uagb-block-a57ac33a uagb-infobox__content-wrap  uagb-infobox-icon-left uagb-infobox-left uagb-infobox-stacked-mobile uagb-infobox-image-valign-top wp-block-uagb-info-box--has-margin\"><div class=\"uagb-infobox-margin-wrapper\"><div class=\"uagb-ifb-icon-wrap\"><svg xmlns=\"https:\/\/www.w3.org\/2000\/svg\" viewBox=\"0 0 512 512\"><path d=\"M0 256C0 114.6 114.6 0 256 0C397.4 0 512 114.6 512 256C512 397.4 397.4 512 256 512C114.6 512 0 397.4 0 256zM256 352C309 352 352 309 352 256C352 202.1 309 160 256 160C202.1 160 160 202.1 160 256C160 309 202.1 352 256 352z\"><\/path><\/svg><\/div><div class=\"uagb-ifb-content\"><div class=\"uagb-ifb-title-wrap\"><h4 class=\"uagb-ifb-title\">JENERAT\u00d6R K\u0130RALAMA\u200b<\/h4><\/div><\/div><\/div><\/div>\n\n\n\n<div class=\"wp-block-uagb-info-box uagb-block-a2e25980 uagb-infobox__content-wrap  uagb-infobox-icon-left uagb-infobox-left uagb-infobox-stacked-mobile uagb-infobox-image-valign-top wp-block-uagb-info-box--has-margin\"><div class=\"uagb-infobox-margin-wrapper\"><div class=\"uagb-ifb-icon-wrap\"><svg xmlns=\"https:\/\/www.w3.org\/2000\/svg\" viewBox=\"0 0 512 512\"><path d=\"M0 256C0 114.6 114.6 0 256 0C397.4 0 512 114.6 512 256C512 397.4 397.4 512 256 512C114.6 512 0 397.4 0 256zM256 352C309 352 352 309 352 256C352 202.1 309 160 256 160C202.1 160 160 202.1 160 256C160 309 202.1 352 256 352z\"><\/path><\/svg><\/div><div class=\"uagb-ifb-content\"><div class=\"uagb-ifb-title-wrap\"><h4 class=\"uagb-ifb-title\"><font dir=\"auto\" style=\"vertical-align: inherit;\"><font dir=\"auto\" style=\"vertical-align: inherit;\">SENKRON\u0130ZASYON S\u0130STEMLER\u0130<\/font><\/font><\/h4><\/div><\/div><\/div><\/div>\n\n\n\n<div class=\"wp-block-uagb-info-box uagb-block-981b4af2 uagb-infobox__content-wrap  uagb-infobox-icon-left uagb-infobox-left uagb-infobox-stacked-mobile uagb-infobox-image-valign-top wp-block-uagb-info-box--has-margin\"><div class=\"uagb-infobox-margin-wrapper\"><div class=\"uagb-ifb-icon-wrap\"><svg xmlns=\"https:\/\/www.w3.org\/2000\/svg\" viewBox=\"0 0 512 512\"><path d=\"M0 256C0 114.6 114.6 0 256 0C397.4 0 512 114.6 512 256C512 397.4 397.4 512 256 512C114.6 512 0 397.4 0 256zM256 352C309 352 352 309 352 256C352 202.1 309 160 256 160C202.1 160 160 202.1 160 256C160 309 202.1 352 256 352z\"><\/path><\/svg><\/div><div class=\"uagb-ifb-content\"><div class=\"uagb-ifb-title-wrap\"><h4 class=\"uagb-ifb-title\"><font dir=\"auto\" style=\"vertical-align: inherit;\"><font dir=\"auto\" style=\"vertical-align: inherit;\">ARIZA TESP\u0130T<\/font><\/font><\/h4><\/div><\/div><\/div><\/div>\n\n\n\n<div class=\"wp-block-uagb-info-box uagb-block-79e78768 uagb-infobox__content-wrap  uagb-infobox-icon-left uagb-infobox-left uagb-infobox-stacked-mobile uagb-infobox-image-valign-top wp-block-uagb-info-box--has-margin\"><div class=\"uagb-infobox-margin-wrapper\"><div class=\"uagb-ifb-icon-wrap\"><svg xmlns=\"https:\/\/www.w3.org\/2000\/svg\" viewBox=\"0 0 512 512\"><path d=\"M0 256C0 114.6 114.6 0 256 0C397.4 0 512 114.6 512 256C512 397.4 397.4 512 256 512C114.6 512 0 397.4 0 256zM256 352C309 352 352 309 352 256C352 202.1 309 160 256 160C202.1 160 160 202.1 160 256C160 309 202.1 352 256 352z\"><\/path><\/svg><\/div><div class=\"uagb-ifb-content\"><div class=\"uagb-ifb-title-wrap\"><h4 class=\"uagb-ifb-title\">GENEL BAKIM<\/h4><\/div><\/div><\/div><\/div>\n<\/div><\/div>\n\n\n\n<div class=\"wp-block-uagb-container uagb-block-2c455b8f alignfull uagb-is-root-container\"><div class=\"uagb-container-inner-blocks-wrap\">\n<div class=\"wp-block-uagb-info-box uagb-block-f7927284 uagb-infobox__content-wrap  uagb-infobox-icon-above-title uagb-infobox-image-valign-top wp-block-uagb-info-box--has-margin\"><div class=\"uagb-infobox-margin-wrapper\"><div class=\"uagb-ifb-content\"><div class=\"uagb-ifb-image-content\"><img decoding=\"async\" src=\"https:\/\/xn--mtkalejeneratr-7pb.com\/wp-content\/uploads\/2022\/12\/tools.png\" alt=\"\" width=\"70\" height=\"70\" loading=\"lazy\"\/><\/div><div class=\"uagb-ifb-title-wrap\"><h4 class=\"uagb-ifb-title\">13<\/h4><\/div><p class=\"uagb-ifb-desc\">Senedir<\/p><\/div><\/div><\/div>\n\n\n\n<div class=\"wp-block-uagb-info-box uagb-block-10f9f04d uagb-infobox__content-wrap  uagb-infobox-icon-above-title uagb-infobox-image-valign-top wp-block-uagb-info-box--has-margin\"><div class=\"uagb-infobox-margin-wrapper\"><div class=\"uagb-ifb-content\"><div class=\"uagb-ifb-image-content\"><img decoding=\"async\" src=\"https:\/\/xn--mtkalejeneratr-7pb.com\/wp-content\/uploads\/2022\/12\/24-7.png\" alt=\"\" width=\"70\" height=\"70\" loading=\"lazy\"\/><\/div><div class=\"uagb-ifb-title-wrap\"><h4 class=\"uagb-ifb-title\">24<\/h4><\/div><p class=\"uagb-ifb-desc\">Hizmet saatlerimiz<\/p><\/div><\/div><\/div>\n\n\n\n<div class=\"wp-block-uagb-info-box uagb-block-cc2323c7 uagb-infobox__content-wrap  uagb-infobox-icon-above-title uagb-infobox-image-valign-top wp-block-uagb-info-box--has-margin\"><div class=\"uagb-infobox-margin-wrapper\"><div class=\"uagb-ifb-content\"><div class=\"uagb-ifb-image-content\"><img decoding=\"async\" src=\"https:\/\/xn--mtkalejeneratr-7pb.com\/wp-content\/uploads\/2022\/12\/branches.png\" alt=\"\" width=\"70\" height=\"70\" loading=\"lazy\"\/><\/div><div class=\"uagb-ifb-title-wrap\"><h4 class=\"uagb-ifb-title\">2<\/h4><\/div><p class=\"uagb-ifb-desc\">\u015eehirdeki \u015fubelerimiz<\/p><\/div><\/div><\/div>\n<\/div><\/div>\n\n\n\n<div class=\"wp-block-uagb-container uagb-layout-grid uagb-block-247af62e alignfull uagb-is-root-container\"><div class=\"uagb-container-inner-blocks-wrap\">\n<div class=\"wp-block-uagb-advanced-heading uagb-block-4dba223d\"><h2 class=\"uagb-heading-text\">M\u00fc\u015fterilerimizin Ne S\u00f6yledi\u011fine Bak\u0131n\u2026<\/h2><\/div>\n\n\n\n<div class=\"wp-block-uagb-container uagb-layout-grid uagb-block-b1408247\">\n<div class=\"wp-block-uagb-container uagb-block-285879e6\">\n<p class=\"has-text-align-center\"> Yedi y\u0131ld\u0131r fabrikam\u0131z\u0131n jenerat\u00f6r bak\u0131mlar\u0131n\u0131 MT KALE yap\u0131yor. En ufak bir s\u0131k\u0131nt\u0131m\u0131zda seri bir \u015fekilde bize ula\u015f\u0131yorlar. Ekibin \u00e7al\u0131\u015fma disiplininden&nbsp;\u00e7ok&nbsp;memnunuz.<\/p>\n\n\n\n<p class=\"has-text-align-center\">Osman Pekmezci<br>ROYAL CONTA<\/p>\n<\/div>\n\n\n\n<div class=\"wp-block-uagb-container uagb-block-417cb7ba\">\n<p class=\"has-text-align-center\">MT Kale ye te\u015fekk\u00fcr ederim. Sabahlara kadar \u00e7ekimlerimizde, ekibiyle beraber bize katk\u0131lar\u0131 ger\u00e7ekten&nbsp;kayda&nbsp;de\u011fer<\/p>\n\n\n\n<p class=\"has-text-align-center\"><br><br>Aykut Y\u0131ld\u0131r\u0131m<br>Y\u00f6netmen<\/p>\n<\/div>\n\n\n\n<div class=\"wp-block-uagb-container uagb-block-92013095\">\n<p class=\"has-text-align-center\">Marin jenerat\u00f6rler de istedigimizin kar\u015f\u0131l\u0131\u011f\u0131n\u0131 al\u0131yoruz.&nbsp;Memnunum<\/p>\n\n\n\n<p class=\"has-text-align-center\"><br><br><br>\u00d6mer Ta\u015fdemir<br>Tuzla liman\u0131 gemi m\u00fchendisi<\/p>\n<\/div>\n<\/div>\n<\/div><\/div>\n\n\n\n<div class=\"wp-block-uagb-container uagb-block-1477611e alignfull uagb-is-root-container\"><div class=\"uagb-container-inner-blocks-wrap\">\n<div class=\"wp-block-uagb-image uagb-block-a641e750 wp-block-uagb-image--layout-default wp-block-uagb-image--effect-static wp-block-uagb-image--align-none\"><figure class=\"wp-block-uagb-image__figure\"><img decoding=\"async\" srcset=\"https:\/\/xn--mtkalejeneratr-7pb.com\/wp-content\/uploads\/2025\/08\/Ekran-goruntusu-2025-08-27-151858.png ,https:\/\/xn--mtkalejeneratr-7pb.com\/wp-content\/uploads\/2025\/08\/Ekran-goruntusu-2025-08-27-151858.png 780w, https:\/\/xn--mtkalejeneratr-7pb.com\/wp-content\/uploads\/2025\/08\/Ekran-goruntusu-2025-08-27-151858.png 360w\" sizes=\"auto, (max-width: 480px) 150px\" src=\"https:\/\/xn--mtkalejeneratr-7pb.com\/wp-content\/uploads\/2025\/08\/Ekran-goruntusu-2025-08-27-151858.png\" alt=\"\" class=\"uag-image-1049\" width=\"85\" height=\"90\" title=\"Ekran g\u00f6r\u00fcnt\u00fcs\u00fc 2025-08-27 151858\" loading=\"lazy\" role=\"img\"\/><\/figure><\/div>\n\n\n\n<div class=\"wp-block-uagb-image uagb-block-e21bcdf3 wp-block-uagb-image--layout-default wp-block-uagb-image--effect-static wp-block-uagb-image--align-none\"><figure class=\"wp-block-uagb-image__figure\"><img decoding=\"async\" srcset=\"https:\/\/xn--mtkalejeneratr-7pb.com\/wp-content\/uploads\/2025\/08\/Ekran-goruntusu-2025-08-26-142355.png ,https:\/\/xn--mtkalejeneratr-7pb.com\/wp-content\/uploads\/2025\/08\/Ekran-goruntusu-2025-08-26-142355.png 780w, https:\/\/xn--mtkalejeneratr-7pb.com\/wp-content\/uploads\/2025\/08\/Ekran-goruntusu-2025-08-26-142355.png 360w\" sizes=\"auto, (max-width: 480px) 150px\" src=\"https:\/\/xn--mtkalejeneratr-7pb.com\/wp-content\/uploads\/2025\/08\/Ekran-goruntusu-2025-08-26-142355.png\" alt=\"\" class=\"uag-image-1033\" width=\"173\" height=\"106\" title=\"Ekran g\u00f6r\u00fcnt\u00fcs\u00fc 2025-08-26 142355\" loading=\"lazy\" role=\"img\"\/><\/figure><\/div>\n\n\n\n<div class=\"wp-block-uagb-image uagb-block-31b88cb1 wp-block-uagb-image--layout-default wp-block-uagb-image--effect-static wp-block-uagb-image--align-none\"><figure class=\"wp-block-uagb-image__figure\"><img decoding=\"async\" srcset=\"https:\/\/xn--mtkalejeneratr-7pb.com\/wp-content\/uploads\/2025\/08\/Ekran-goruntusu-2025-08-27-102849.png ,https:\/\/xn--mtkalejeneratr-7pb.com\/wp-content\/uploads\/2025\/08\/Ekran-goruntusu-2025-08-27-102849.png 780w, https:\/\/xn--mtkalejeneratr-7pb.com\/wp-content\/uploads\/2025\/08\/Ekran-goruntusu-2025-08-27-102849.png 360w\" sizes=\"auto, (max-width: 480px) 150px\" src=\"https:\/\/xn--mtkalejeneratr-7pb.com\/wp-content\/uploads\/2025\/08\/Ekran-goruntusu-2025-08-27-102849.png\" alt=\"\" class=\"uag-image-1038\" width=\"111\" height=\"109\" title=\"Ekran g\u00f6r\u00fcnt\u00fcs\u00fc 2025-08-27 102849\" loading=\"lazy\" role=\"img\"\/><\/figure><\/div>\n\n\n\n<div class=\"wp-block-uagb-image uagb-block-297aa1c1 wp-block-uagb-image--layout-default wp-block-uagb-image--effect-static wp-block-uagb-image--align-none\"><figure class=\"wp-block-uagb-image__figure\"><img decoding=\"async\" srcset=\"https:\/\/xn--mtkalejeneratr-7pb.com\/wp-content\/uploads\/2025\/08\/Ekran-goruntusu-2025-08-27-104211.png ,https:\/\/xn--mtkalejeneratr-7pb.com\/wp-content\/uploads\/2025\/08\/Ekran-goruntusu-2025-08-27-104211.png 780w, https:\/\/xn--mtkalejeneratr-7pb.com\/wp-content\/uploads\/2025\/08\/Ekran-goruntusu-2025-08-27-104211.png 360w\" sizes=\"auto, (max-width: 480px) 150px\" src=\"https:\/\/xn--mtkalejeneratr-7pb.com\/wp-content\/uploads\/2025\/08\/Ekran-goruntusu-2025-08-27-104211.png\" alt=\"\" class=\"uag-image-1040\" width=\"176\" height=\"106\" title=\"Ekran g\u00f6r\u00fcnt\u00fcs\u00fc 2025-08-27 104211\" loading=\"lazy\" role=\"img\"\/><\/figure><\/div>\n\n\n\n<div class=\"wp-block-uagb-image uagb-block-b9421c87 wp-block-uagb-image--layout-default wp-block-uagb-image--effect-static wp-block-uagb-image--align-none\"><figure class=\"wp-block-uagb-image__figure\"><img decoding=\"async\" srcset=\"https:\/\/xn--mtkalejeneratr-7pb.com\/wp-content\/uploads\/2025\/08\/Ekran-goruntusu-2025-08-27-104342.png ,https:\/\/xn--mtkalejeneratr-7pb.com\/wp-content\/uploads\/2025\/08\/Ekran-goruntusu-2025-08-27-104342.png 780w, https:\/\/xn--mtkalejeneratr-7pb.com\/wp-content\/uploads\/2025\/08\/Ekran-goruntusu-2025-08-27-104342.png 360w\" sizes=\"auto, (max-width: 480px) 150px\" src=\"https:\/\/xn--mtkalejeneratr-7pb.com\/wp-content\/uploads\/2025\/08\/Ekran-goruntusu-2025-08-27-104342.png\" alt=\"\" class=\"uag-image-1041\" width=\"158\" height=\"107\" title=\"Ekran g\u00f6r\u00fcnt\u00fcs\u00fc 2025-08-27 104342\" loading=\"lazy\" role=\"img\"\/><\/figure><\/div>\n<\/div><\/div>\n\n\n\n<div class=\"wp-block-uagb-container uagb-layout-flex uagb-block-f1b94bb8 alignfull uagb-is-root-container\"><div class=\"uagb-container-inner-blocks-wrap\">\n<div class=\"wp-block-uagb-call-to-action uagb-block-069ef7f7 wp-block-button\"><div class=\"uagb-cta__wrap\"><h3 class=\"uagb-cta__title\">Kalite i\u00e7in ula\u015fabilirsiniz<\/h3><p class=\"uagb-cta__desc\">Click here to change this text. Lorem ipsum dolor sit amet, consectetur adipiscing elit. Ut elit tellus, luctus nec ullamcorper mattis, pulvinar dapibus leo.<\/p><\/div><div class=\"uagb-cta__buttons\"><a href=\"#\" class=\"uagb-cta__button-link-wrapper wp-block-button__link\" target=\"_self\" rel=\"noopener noreferrer\">0216 488 58 81<svg xmlns=\"https:\/\/www.w3.org\/2000\/svg\" viewBox=\"0 0 512 512\"><path d=\"M504.3 273.6l-112.1 104c-6.992 6.484-17.18 8.218-25.94 4.406c-8.758-3.812-14.42-12.45-14.42-21.1L351.9 288H32C14.33 288 .0002 273.7 .0002 255.1S14.33 224 32 224h319.9l0-72c0-9.547 5.66-18.19 14.42-22c8.754-3.809 18.95-2.075 25.94 4.41l112.1 104C514.6 247.9 514.6 264.1 504.3 273.6z\"><\/path><\/svg><\/a><\/div><\/div>\n<\/div><\/div>\n\n\n\n<p><\/p>\n","protected":false},"excerpt":{"rendered":"<p>Hakk\u0131m\u0131zda M\u00fc\u015fterilerimizin Ne S\u00f6yledi\u011fine Bak\u0131n\u2026 Yedi y\u0131ld\u0131r fabrikam\u0131z\u0131n jenerat\u00f6r bak\u0131mlar\u0131n\u0131 MT KALE yap\u0131yor. En ufak bir s\u0131k\u0131nt\u0131m\u0131zda seri bir \u015fekilde bize ula\u015f\u0131yorlar. Ekibin \u00e7al\u0131\u015fma disiplininden&nbsp;\u00e7ok&nbsp;memnunuz. Osman PekmezciROYAL CONTA MT Kale ye te\u015fekk\u00fcr ederim. Sabahlara kadar \u00e7ekimlerimizde, ekibiyle beraber bize katk\u0131lar\u0131 ger\u00e7ekten&nbsp;kayda&nbsp;de\u011fer Aykut Y\u0131ld\u0131r\u0131mY\u00f6netmen Marin jenerat\u00f6rler de istedigimizin kar\u015f\u0131l\u0131\u011f\u0131n\u0131 al\u0131yoruz.&nbsp;Memnunum \u00d6mer Ta\u015fdemirTuzla liman\u0131 gemi m\u00fchendisi<\/p>\n","protected":false},"author":1,"featured_media":0,"parent":0,"menu_order":0,"comment_status":"closed","ping_status":"closed","template":"","meta":{"_uag_custom_page_level_css":"","site-sidebar-layout":"default","site-content-layout":"","ast-site-content-layout":"default","site-content-style":"default","site-sidebar-style":"default","ast-global-header-display":"","ast-banner-title-visibility":"","ast-main-header-display":"","ast-hfb-above-header-display":"","ast-hfb-below-header-display":"","ast-hfb-mobile-header-display":"","site-post-title":"disabled","ast-breadcrumbs-content":"","ast-featured-img":"","footer-sml-layout":"","theme-transparent-header-meta":"","adv-header-id-meta":"","stick-header-meta":"","header-above-stick-meta":"","header-main-stick-meta":"","header-below-stick-meta":"","astra-migrate-meta-layouts":"set","ast-page-background-enabled":"default","ast-page-background-meta":{"desktop":{"background-color":"var(--ast-global-color-4)","background-image":"","background-repeat":"repeat","background-position":"center center","background-size":"auto","background-attachment":"scroll","background-type":"","background-media":"","overlay-type":"","overlay-color":"","overlay-opacity":"","overlay-gradient":""},"tablet":{"background-color":"","background-image":"","background-repeat":"repeat","background-position":"center center","background-size":"auto","background-attachment":"scroll","background-type":"","background-media":"","overlay-type":"","overlay-color":"","overlay-opacity":"","overlay-gradient":""},"mobile":{"background-color":"","background-image":"","background-repeat":"repeat","background-position":"center center","background-size":"auto","background-attachment":"scroll","background-type":"","background-media":"","overlay-type":"","overlay-color":"","overlay-opacity":"","overlay-gradient":""}},"ast-content-background-meta":{"desktop":{"background-color":"var(--ast-global-color-5)","background-image":"","background-repeat":"repeat","background-position":"center center","background-size":"auto","background-attachment":"scroll","background-type":"","background-media":"","overlay-type":"","overlay-color":"","overlay-opacity":"","overlay-gradient":""},"tablet":{"background-color":"var(--ast-global-color-5)","background-image":"","background-repeat":"repeat","background-position":"center center","background-size":"auto","background-attachment":"scroll","background-type":"","background-media":"","overlay-type":"","overlay-color":"","overlay-opacity":"","overlay-gradient":""},"mobile":{"background-color":"var(--ast-global-color-5)","background-image":"","background-repeat":"repeat","background-position":"center center","background-size":"auto","background-attachment":"scroll","background-type":"","background-media":"","overlay-type":"","overlay-color":"","overlay-opacity":"","overlay-gradient":""}},"footnotes":""},"class_list":["post-16","page","type-page","status-publish","hentry"],"aioseo_notices":[],"_hostinger_reach_plugin_has_subscription_block":false,"_hostinger_reach_plugin_is_elementor":false,"uagb_featured_image_src":{"full":false,"thumbnail":false,"medium":false,"medium_large":false,"large":false,"1536x1536":false,"2048x2048":false},"uagb_author_info":{"display_name":"mertpekmezci@hotmail.com","author_link":"https:\/\/xn--mtkalejeneratr-7pb.com\/?author=1"},"uagb_comment_info":0,"uagb_excerpt":"Hakk\u0131m\u0131zda M\u00fc\u015fterilerimizin Ne S\u00f6yledi\u011fine Bak\u0131n\u2026 Yedi y\u0131ld\u0131r fabrikam\u0131z\u0131n jenerat\u00f6r bak\u0131mlar\u0131n\u0131 MT KALE yap\u0131yor. En ufak bir s\u0131k\u0131nt\u0131m\u0131zda seri bir \u015fekilde bize ula\u015f\u0131yorlar. Ekibin \u00e7al\u0131\u015fma disiplininden&nbsp;\u00e7ok&nbsp;memnunuz. Osman PekmezciROYAL CONTA MT Kale ye te\u015fekk\u00fcr ederim. Sabahlara kadar \u00e7ekimlerimizde, ekibiyle beraber bize katk\u0131lar\u0131 ger\u00e7ekten&nbsp;kayda&nbsp;de\u011fer Aykut Y\u0131ld\u0131r\u0131mY\u00f6netmen Marin jenerat\u00f6rler de istedigimizin kar\u015f\u0131l\u0131\u011f\u0131n\u0131 al\u0131yoruz.&nbsp;Memnunum \u00d6mer Ta\u015fdemirTuzla liman\u0131 gemi m\u00fchendisi","_links":{"self":[{"href":"https:\/\/xn--mtkalejeneratr-7pb.com\/index.php?rest_route=\/wp\/v2\/pages\/16","targetHints":{"allow":["GET"]}}],"collection":[{"href":"https:\/\/xn--mtkalejeneratr-7pb.com\/index.php?rest_route=\/wp\/v2\/pages"}],"about":[{"href":"https:\/\/xn--mtkalejeneratr-7pb.com\/index.php?rest_route=\/wp\/v2\/types\/page"}],"author":[{"embeddable":true,"href":"https:\/\/xn--mtkalejeneratr-7pb.com\/index.php?rest_route=\/wp\/v2\/users\/1"}],"replies":[{"embeddable":true,"href":"https:\/\/xn--mtkalejeneratr-7pb.com\/index.php?rest_route=%2Fwp%2Fv2%2Fcomments&post=16"}],"version-history":[{"count":10,"href":"https:\/\/xn--mtkalejeneratr-7pb.com\/index.php?rest_route=\/wp\/v2\/pages\/16\/revisions"}],"predecessor-version":[{"id":1070,"href":"https:\/\/xn--mtkalejeneratr-7pb.com\/index.php?rest_route=\/wp\/v2\/pages\/16\/revisions\/1070"}],"wp:attachment":[{"href":"https:\/\/xn--mtkalejeneratr-7pb.com\/index.php?rest_route=%2Fwp%2Fv2%2Fmedia&parent=16"}],"curies":[{"name":"wp","href":"https:\/\/api.w.org\/{rel}","templated":true}]}}